12099?
2
What is the units digit of 3709193?
3
What is the hundreds digit of 752849?
8
What is the units digit of 371496?
6
What is the millions digit of 17030053?
7
What is the tens digit of 891663?
6
What is the tens digit of 264328?
2
What is the millions digit of 3744823?
3
What is the hundred thousands digit of 4571162?
5
What is the thousands digit of 750780?
0
What is the millions digit of 3255748?
3
What is the units digit of 519974?
4
What is the tens digit of 1451100?
0
What is the hundred thousands digit of 3038054?
0
What is the thousands digit of 276717?
6
What is the tens digit of 6089726?
2
What is the ten thousands digit of 249962?
4
What is the units digit of 564684?
4
What is the millions digit of 1192980?
1
What is the thousands digit of 841235?
1
What is the thousands digit of 24275495?
5
What is the ten thousands digit of 1361414?
6
What is the tens digit of 2399981?
8
What is the units digit of 3878069?
9
What is the tens digit of 89006?
0
What is the units digit of 299283?
3
What is the hundreds digit of 108214?
2
What is the hundreds digit of 1135617?
6
What is the millions digit of 1236597?
1
What is the hundred thousands digit of 1681003?
6
What is the tens digit of 6647552?
5
What is the thousands digit of 375784?
5
What is the hundred thousands digit of 21999332?
9
What is the tens digit of 20602008?
0
What is the millions digit of 6604387?
6
What is the units digit of 959392?
2
What is the ten thousands digit of 85338?
8
What is the hundreds digit of 165596?
5
What is the tens digit of 803735?
3
What is the thousands digit of 14980862?
0
What is the hundred thousands digit of 1056500?
0
What is the thousands digit of 329888?
9
What is the hundred thousands digit of 934038?
9
What is the units digit of 1346319?
9
What is the hundreds digit of 64216?
2
What is the thousands digit of 66423?
6
What is the units digit of 64956?
6
What is the hundred thousands digit of 2882882?
8
What is the ten thousands digit of 2564439?
6
What is the units digit of 472008?
8
What is the hundred thousands digit of 32167097?
1
What is the hundreds digit of 12318294?
2
What is the units digit of 851178?
8
What is the tens digit of 4893782?
8
What is the thousands digit of 4380347?
0
What is the hundreds digit of 4344633?
6
What is the millions digit of 1574159?
1
What is the hundreds digit of 6233437?
4
What is the units digit of 430815?
5
What is the hundreds digit of 253402?
4
What is the hundreds digit of 123763?
7
What is the units digit of 664718?
8
What is the thousands digit of 6402943?
2
What is the units digit of 589511?
1
What is the units digit of 30489713?
3
What is the thousands digit of 2048226?
8
What is the tens digit of 1931967?
6
What is the ten thousands digit of 18104304?
0
What is the units digit of 2495620?
0
What is the thousands digit of 292781?
2
What is the thousands digit of 29584610?
4
What is the hundreds digit of 12252952?
9
What is the hundreds digit of 24764421?
4
What is the ten thousands digit of 630664?
3
What is the hundreds digit of 795811?
8
What is the millions digit of 1781509?
1
What is the hundreds digit of 283523?
5
What is the tens digit of 20242533?
3
What is the ten thousands digit of 570096?
7
What is the hundreds digit of 39251?
2
What is the hundreds digit of 1386274?
2
What is the tens digit of 1624171?
7
What is the millions digit of 1066128?
1
What is the hundreds digit of 15061026?
0
What is the tens digit of 374819?
1
What is the units digit of 382618?
8
What is the thousands digit of 413400?
3
What is the thousands digit of 40606?
0
What is the ten thousands digit of 2241738?
4
What is the thousands digit of 3223203?
3
What is the hundreds digit of 245758?
7
What is the units digit of 2041132?
2
What is the tens digit of 5360059?
5
What is the hundreds digit of 113146?
1
What is the ten thousands digit of 679184?
7
What is the units digit of 252316?
6
What is the tens digit of 10758770?
7
What is the hundreds digit of 9026461?
4
What is the tens digit of 347735?
3
What is the thousands digit of 2231573?
1
What is the tens digit of 151022?
2
What is the hundreds digit of 969697?
6
What is the hundreds digit of 137739?
7
What is the millions digit of 3173063?
3
What is the tens digit of 3046610?
1
What is the millions digit of 5351178?
5
What is the hundreds digit of 3406487?
4
What is the units digit of 85948?
8
What is the ten thousands digit of 274053?
7
What is the hundreds digit of 163664?
6
What is the tens digit of 63195?
9
What is the thousands digit of 1058778?
8
What is the tens digit of 1646939?
3
What is the units digit of 8116468?
8
What is the thousands digit of 2304512?
4
What is the units digit of 294017?
7
What is the units digit of 2940?
0
What is the units digit of 394251?
1
What is the units digit of 10167076?
6
What is the units digit of 12007501?
1
What is the ten thousands digit of 249490?
4
What is the ten thousands digit of 15817636?
1
What is the thousands digit of 5156674?
6
What is the tens digit of 7105545?
4
What is the hundreds digit of 285239?
2
What is the tens digit of 8972972?
7
What is the hundreds digit of 32353626?
6
What is the hundreds digit of 16276400?
4
What is the thousands digit of 130897?
0
What is the thousands digit of 2127433?
7
What is the tens digit of 331113?
1
What is the ten thousands digit of 16277080?
7
What is the millions digit of 2806685?
2
What is the hundred thousands digit of 7955244?
9
What is the tens digit of 541403?
0
What is the tens digit of 41148?
4
What is the tens digit of 7534775?
7
What is the units digit of 53186?
6
What is the hundred thousands digit of 383012?
3
What is the hundred thousands digit of 1403707?
4
What is the hundreds digit of 35718?
7
What is the hundreds digit of 1405371?
3
What is the thousands digit of 15047039?
7
What is the ten thousands digit of 155094?
5
What is the hundred thousands digit of 221893?
2
What is the millions digit of 3511123?
3
What is the ten thousands digit of 403619?
0
What is the tens digit of 957128?
2
What is the tens digit of 132348?
4
What is the hundred thousands digit of 760144?
7
What is the ten thousands digit of 2967407?
6
What is the hundred thousands digit of 498256?
4
What is the hundred thousands digit of 3268241?
2
What is the hundreds digit of 448505?
5
What is the thousands digit of 9033429?
3
What is the hundred thousands digit of 3402016?
4
What is the millions digit of 1229594?
1
What is the units digit of 178590?
0
What is the ten thousands digit of 2408606?
0
What is the hundred thousands digit of 3840616?
8
What is the ten thousands digit of 226761?
2
What is the thousands digit of 10532948?
2
What is the hundred thousands digit of 905913?
9
What is the hundred thousands digit of 9812762?
8
What is the hundreds digit of 33620078?
0
What is the hundreds digit of 746467?
4
What is the tens digit of 5035238?
3
What is the hundred thousands digit of 3688814?
6
What is the thousands digit of 304005?
4
What is the hundred thousands digit of 604074?
6
What is the ten thousands digit of 1674136?
7
What is the millions digit of 16012557?
6
What is the tens digit of 123761?
6
What is the thousands digit of 28838851?
8
What is the units digit of 396475?
5
What is the thousands digit of 1911223?
1
What is the thousands digit of 9015008?
5
What is the thousands digit of 615208?
5
What is the ten thousands digit of 1043456?
4
What is the thousands digit of 9736204?
6
What is the tens digit of 2422637?
3
What is the units digit of 72275?
5
What is the units digit of 12016142?
2
What is the hundred thousands digit of 223448?
2
What is the thousands digit of 14523907?
3
What is the hundreds digit of 1741538?
5
What is the ten thousands digit of 4922096?
2
What is the ten millions digit of 30684460?
3
What is the tens digit of 8995812?
1
What is the hundreds digit of 19509131?
1
What is the ten thousands digit of 229205?
2
What is the ten thousands digit of 482975?
8
What is the units digit of 1016420?
0
What is the hundred thousands digit of 275542?
2
What is the units digit of 297247?
7
What is the hundreds digit of 1058040?
0
What is the ten thousands digit of 4920469?
2
What is the hundreds digit of 2899586?
5
What is the units digit of 881004?
4
What is the